 i - 5*i = k*j + 260, 5*i - j = -349. Let l = -32 - i. What is the units digit of l?
7
Let t = 11735 + -6703. What is the tens digit of t?
3
Let b(o) = o**3 - o**2 + 2*o + 9. Let x be b(0). Suppose -x + 29 = 5*c. Suppose 64 - 212 = -4*q - y, 3*q + c*y = 111. What is the units digit of q?
7
Let n be -2*2/4 + 1. Let j(i) = 36 + i**3 - 1001*i - i**2 + 0*i**2 + 999*i. What is the units digit of j(n)?
6
Let a = 7 + -1. Let p = -4 + a. What is the units digit of p?
2
Let y = -92 + 113. Let v = 7 + -17. Let m = y + v. What is the units digit of m?
1
What is the tens digit of 7/(7/220)*104/65?
5
Let d = -10 + -7. Let t = 31 + d. What is the units digit of t?
4
Let g = -28 - -30. Suppose 0*a = -5*j - a + 312, -a + 126 = g*j. What is the tens digit of j?
6
Let x(y) = 72*y - 26. What is the tens digit of x(8)?
5
Let j(z) = -2*z - 3. Let k be j(-4). Let m(s) = -s**3 + 10*s**2 + s - 57. Let f be m(9). Suppose -k*g + 143 = f. What is the tens digit of g?
2
Suppose -5*c + 59 = -0*c - 4*q, -3*c + 49 = q. Let i = -36 + c. Let s = i + 46. What is the tens digit of s?
2
Suppose 774 = -7*w + 4092. What is the hundreds digit of w?
4
Let u(p) = 73*p**2 - p. Let r be u(-1). Let g = r + 176. What is the tens digit of g?
5
Suppose 3*w = 5*y - y + 676, y - 469 = -2*w. Let n = -115 + w. What is the tens digit of n?
1
Let g = 2575 - -1. What is the hundreds digit of g?
5
Let f be 24/9 - 4/6. Let c be f*4/2 + 1. What is the units digit of ((-130)/c)/(1/(-2))?
2
Suppose 5 = -4*f + 3*f, -5*j = -2*f - 20. Suppose 0*u - j*u - 80 = -3*l, -l + 5*u = -18. What is the tens digit of l?
2
Let w = 43 + 330. Suppose 0 = 2*c - w + 1. What is the units digit of c?
6
Suppose -68*a + 71*a = 3924. What is the units digit of a?
8
Let y be (4/(-3))/((-2)/12). Let b be 2/3*-3*6. Let p = y - b. What is the tens digit of p?
2
Let u(n) = n**3 + 72. Let z be u(0). Let f = -47 + z. What is the units digit of f?
5
Suppose 3*m = -m - 4*r + 12, -3*m + 3*r = -9. Let w(o) = -10*o + 14*o**2 - 3*o - o**m + 7 + 12 - o. What is the units digit of w(13)?
6
Let p be -3 + (1/1)/((-1)/(-7)). Suppose -32 = -0*w - p*w. What is the units digit of w?
8
Let h(t) = -t**3 + 10*t**2 - t + 13. Let s be h(10). Suppose -4*q = z - 133, 4*q + s*z + 53 = 180. Let c = -3 + q. What is the tens digit of c?
3
What is the hundreds digit of 180/8*(-13992)/(-110)?
8
Let y = -17 + 14. Let h be 4 - 0 - (10 + y). What is the tens digit of -3 + 7 - 21/h?
1
Suppose -5*m = 19 - 69. Suppose 9*h - m*h + 9 = 0. What is the units digit of h?
9
Let p(a) = a**3 - a**2 - 2*a + 2. Suppose -3*z - g + 18 = g, -4*g + 28 = 4*z. Let y be p(z). Suppose 0 = -2*j + j + y. What is the units digit of j?
2
Suppose 3*q - 3*w - 7 = 17, -4*q - 5*w - 4 = 0. Suppose 2*z + 10 = 0, -5*o + 8*z - q*z = -310. Let g = o - 27. What is the tens digit of g?
3
Let l(x) = 15*x**3 - 2*x**2 + 12*x - 10. What is the hundreds digit of l(4)?
9
Suppose x = 5*k - 17, x + 3*x - 2*k = 4. Let c = x + -3. What is the units digit of c + -3 + 3 - -12?
2
Suppose -5*b = 3*b - 664. Let x = b - 82. What is the units digit of x?
1
Let a = 165 + -161. Let k be (-78)/(-4)*40/6. Suppose -a*q = q - k. What is the tens digit of q?
2
Let v(c) = -14*c**2 - 19*c - 38. Let t(j) = -5*j**2 - 6*j - 13. Let h(n) = 17*t(n) - 6*v(n). Let i be h(9). Suppose 166 = 4*z + i. What is the units digit of z?
3
Suppose y = -y + 22. Let h(g) be the third derivative of -g**5/60 + 13*g**4/24 - 17*g**3/6 + g**2 - 51. What is the units digit of h(y)?
5
Let s(a) = -a**3 + a**2 - 6*a + 5. Let g be s(3). What is the tens digit of 8 + -5 + (-3 - 1) - g?
3
Suppose 4*a - 4*r = 3013 + 3647, 3*a - 4987 = -r. What is the units digit of a?
3
Let t(z) = z - 6. Let m be t(-3). Let j(u) = -u**2 - 11*u + 4. Let x be j(m). Let w = x - -16. What is the units digit of w?
8
Let c(y) = -230*y - 46. What is the hundreds digit of c(-7)?
5
Suppose -2*p = 47 - 605. What is the hundreds digit of p?
2
Let k(q) = q - 7. Let b be k(9). Suppose b*l - 4*w - 122 = 92, 4*l + 2*w - 398 = 0. Let n = l + -43. What is the units digit of n?
8
Let g(q) = 542*q**2 + 29*q + 59. What is the hundreds digit of g(-3)?
8
Let t(m) = m**2 + 5*m - 6. Let j = 1 + -7. Let v be t(j). Suppose b - 2 = -v*b. What is the units digit of b?
2
Let v(b) = b - 13. Let o be v(13). What is the units digit of -22*(-5)/10 + o?
1
Let u = -100 + 118. Suppose -2*d + 74 = 4. What is the units digit of (-10)/d - u/(-14)?
1
Let s be (2/3)/((-6)/117). Let l(j) = j**3 + 14*j**2 + 9*j + 20. What is the tens digit of l(s)?
7
Suppose -7*c + 484 + 7818 = 0. What is the hundreds digit of c?
1
Suppose 0*l = 2*l - 132. Let g = -15 + l. What is the units digit of g?
1
Let u(g) = 11*g - 7. Let i be u(-5). Let l = i - -369. What is the hundreds digit of l?
3
What is the units digit of 35 + 1 - (-1 - 4)?
1
Let x(u) = u**3 - 9*u**2 - 3*u + 13. Let h be x(9). Let k = -14 - h. Let z(q) = -q**2 + 2*q + 60. What is the tens digit of z(k)?
6
Let f(r) be the third derivative of r**5/30 - 5*r**4/24 - 3*r**3/2 - 4*r**2. What is the tens digit of f(7)?
5
Let q(i) = -i + 1. Let z be q(1). Suppose 9*a - 585 - 27 = z. What is the tens digit of a?
6
Let p(d) = -37 + 2*d + 2*d + 24 - 2*d. What is the units digit of p(9)?
5
Let y = 1001 - -50. What is the hundreds digit of y?
0
Suppose 5*r + 1 = 6*r. What is the units digit of (418/38)/(1/(4 - r))?
3
Suppose -3*a = -3*c + 204, a = 5*c + 2*a - 358. Suppose -c = 4*q - 463. What is the tens digit of q?
9
Let x be -332*(4/8 - 2). Suppose 5*w + 2*s = w + x, 0 = -3*w + s + 376. What is the tens digit of w?
2
Let l = -64 + -42. Let h = -43 - l. What is the tens digit of h?
6
Let f = 55 - 52. What is the tens digit of f/(12/194)*4?
9
Suppose -2*i - 6 + 0 = 0, -3*q + i = -16659. What is the tens digit of q?
5
What is the tens digit of (-144)/(-168) + 6820/14?
8
Suppose -4*k - 4*b = -2*b - 1918, -2394 = -5*k + b. What is the units digit of k?
9
Suppose -3*o + 6083 + 9166 = 0. What is the hundreds digit of o?
0
Let v(g) = 8*g**3 - 3*g**2 + 17*g - 9. What is the tens digit of v(5)?
0
Let s = 3 + 0. Suppose -18 + 9 = -s*j. What is the units digit of (-255)/(-10)*2/j?
7
Let i(t) = t**2 + 7*t - 9. Let c(x) = -3*x**2 - 20*x + 28. Let a(f) = 2*c(f) + 7*i(f). Let p be a(-10). What is the units digit of (-1 - 0)*(p + -22)?
9
Let t(d) = -10*d - 3. Let z be t(-7). Let w = 171 - z. Let g = w - 55. What is the tens digit of g?
4
Suppose -216 = -14*w - 34. Let q = 96 - w. What is the tens digit of q?
8
Suppose 923 - 15 = 4*f. Suppose -2*v = 55 - f. What is the tens digit of v?
8
Let o = 338 + -269. What is the units digit of o?
9
Let h(a) = a**3 - 8*a**2 - 22*a + 76. What is the hundreds digit of h(12)?
3
What is the units digit of 33985/20 + 30/(-24)?
8
Let u(k) = 470*k - 466. What is the thousands digit of u(4)?
1
Suppose 2*z + z - 48 = 0. What is the units digit of (z/5)/(3/((-1740)/(-8)))?
2
Let n(f) be the third derivative of -f**6/120 + f**5/15 + f**4/24 + f**3/3 + 7*f**2. What is the tens digit of n(-3)?
6
Let f(t) = -t**2 + 11*t + 25. Let p(r) = -2*r + 49. Let c be p(21). What is the tens digit of f(c)?
5
Let k be 0/(2 - (0 - -3)). Suppose 5*g - 41 - 99 = k. Let f = 59 - g. What is the units digit of f?
1
Let x(o) = 9*o**2 + 3*o - 198. What is the thousands digit of x(15)?
1
Suppose 2*s = s + 5*h + 3177, -2*s - 2*h + 6366 = 0. What is the units digit of s?
2
What is the units digit of (-3)/1*90755/(-105)?
3
Suppose -6*s + 5749 + 4433 = 0. What is the hundreds digit of s?
6
Let n = -10 + 16. Let b = 20 - n. What is the tens digit of (-375)/(-35) + 4/b?
1
Let l(d) = 5*d**3 + 3*d**2 + 5*d + 3. What is the units digit of l(4)?
1
Suppose 3*v - 3 = 9. Let i be v*(-5 - -3)/(-8). What is the units digit of (-1)/i*3*-17?
1
Let q = 62 + -54. Suppose -39 + 199 = 5*l. Suppose -4*j - l = -q*j. What is the units digit of j?
8
Let v be (0/(1 - 0))/(-1). Suppose v = -3*k + 4*g + 946, -5*g + 1600 = 5*k - 0*g. What is the units digit of k/15 - 1/5?
1
Let k(b) = -b**2 - 14*b + 13. Let y be (3 - (-1 - -2)) + 34. Suppose 0 = -3*v + 2*q - y, 2*v = -5*q - 0 - 43. What is the tens digit of k(v)?
1
Suppose -5 = -2*a + 5. Suppose 0 = a*c - i + 3 + 5, -4*c - 10 = i. What is the units digit of 423/33 + c/(-11)?
3
Let q be (12/5)/(9/60). Let s = q - 13. Suppose 5*c = s*o - 106, 6*o - o - 188 = -3*c. W